142
-135
What is the value of 290 - 224 - (-18 - 12)?
96
What is 0 + -88 - (7 + (0 - (10 + -3 - 2)))?
-90
Calculate (-5 - -11) + -8 - (-13 - (90 + -56)).
45
What is the value of -94 + -42 + 109 - (-1 - -19)?
-45
What is -91 + 70 + 140 + 8 - (2 + -1 + 1)?
125
10 + (40 - 58) - 25
-33
(64 - 32) + 19 - 38
13
(115 + -70 - 20) + -1 + -1 + 0 + 1
24
Evaluate -25 + (-24 - -49) + 2 + 2 - -11.
15
Calculate (-59 - 12) + 61 - 35.
-45
(11 - (23 + -65) - 30) + -76
-53
What is the value of 0 - 8 - -16 - (7 + -27 - -6)?
22
-1 + (5 - 0) + 4420 + -4429 + (-17 - 1)
-23
-38 + (47 - -6) - -17
32
What is the value of (-1 - 45) + -8 + 46 + -85 + 46?
-47
What is -32 - (52 - (62 + -6))?
-28
What is 4 + -43 + (-1 - -19) - -30?
9
What is (2 + 18 - 10) + (31 - -1)?
42
Calculate -1 + 61 + -1462 + 1419.
17
What is the value of 30 + (-16 - -23 - 29)?
8
Calculate -2 - -2 - (163 - 188 - (-96 + 0)).
-71
What is 4 + 7 + (-99 + 77 - -14) + (-8 - -1)?
-4
What is -3 - (7 - 6) - -5 - -15?
16
-398 + 397 - (-2 + 1 + 1 - 0)
-1
What is 24 - (8 - (85 - 78))?
23
What is the value of 17 - (46 - (15 - 8))?
-22
Evaluate (95 - (61 + -14)) + -31.
17
What is the value of (9 + 30 - 49) + 24?
14
Evaluate -14 - 25 - -16 - (25 + -5 + 11).
-54
What is (-1 + 8 - (32 + 68)) + 22?
-71
(5 - (36 - -1)) + 26 + -19
-25
Calculate 6 + -23 + 13 + (-8 - -2) - (-96 - -23).
63
What is -3 + 10 + (-34 - (-20 + 0)) - -42?
35
-30 - (-15 + 12 + (-17 - -15))
-25
What is (-74 + 98 - (2 + 20)) + -28?
-26
-8 + 8 + 3 + (-17 - 15) - 6 - -11
-24
What is the value of (6 - 1) + (5 - (5 + -20)) + 73 + -86?
12
Evaluate -30 - (102 + -64) - -26.
-42
What is the value of (1 - -25) + -82 + (19 - 21)?
-58
Calculate 20 + (-19 - (27 - 39)) - -66.
79
What is 9 - ((19 - (11 - -15 - 22)) + -94)?
88
(81 + -98 - (7 + -2)) + -2 + -1 + 3
-22
Evaluate ((10 - 1) + -12 - 12) + 20.
5
(9 - 3) + (15 - (-23 - -95))
-51
What is (-1 - -1) + (11 - -113) + -37 + 32?
119
What is 43 - (10 - (-27 - 6))?
0
What is 133 - (-22 + (-6 + -3 - 5 - 1 - -27))?
143
580 - 591 - (-6 + 61)
-66
(0 - (37 - (-2 - 2))) + (-331 - -316)
-56
What is the value of 67 - -12 - (-21 + 10 + -8 + 8)?
90
97 + -38 + -122 - -15
-48
-50 + (14 - (41 + -23 - -2))
-56
Calculate -6 + (-58 - -57) + -1 + 6 - (-70 - -22).
46
Calculate -34 + (15 - -3) - (9 - 19) - (-2 + 11).
-15
Calculate 75 + (-85 - -59) + 54.
103
Evaluate -62 - ((-62 - -47) + 0 + (14 - -2)).
-63
-5 - -41 - (-783 - -775 - (-1 + 1 + -9))
35
What is the value of 117 + (4528 + -4547 - (-2 - (2 - (-9 + 2))))?
109
Calculate -1 + -15 + (640 - 621) + (1 - -47).
51
What is -93 - (40 + (-56 - 95))?
18
Calculate -100 + -30 + 31 + 61.
-38
What is -22 - (-97 + 26 + (2 - 1))?
48
(1 - -4) + -23 + -15 + (8 - -51)
26
4 + -98 + -1 + 2 + 0 - (-651 + 644)
-86
What is the value of -141 + 156 + -21 + 1 + -1 - (12 - -1)?
-19
Calculate (9 - 14) + (8 - -3) + -4 + 4 - -38.
44
Evaluate 0 + 6 + 0 + -1 + (-104 + 4 - -7).
-88
What is -3 + 21 + (24 - (-12 + 13))?
41
Evaluate 23 - ((-115 - -68) + 51).
19
Evaluate -10 - (6 - -5) - (-17 + 8 - 0).
-12
What is the value of 16 - ((-21 + 2 - -20) + 27)?
-12
Calculate -20 - -21 - (-25 + (11 + -5 - 15)).
35
What is the value of (-50 - -83) + -5 - (-1 - (6 + -4 + 9))?
40
Evaluate -74 - (35 + -33 + -58).
-18
What is the value of 5 + 0 - (-98 + -35 + 15 + 41)?
82
Calculate -1 + 19 + (0 - (10 + (-15 - -7))).
16
What is the value of 4 + -2 + 8 + (2 + -7 - 1) + 59?
63
Evaluate 0 - -13 - (-17 - (-20 - -17)).
27
What is -7 + -9 + -28 + 73 + 14?
43
What is the value of 90 + 75 + 33 + -143?
55
What is (2 - 24 - (-331 + 277)) + -12 - -90?
110
-27 + -5 + 6 + -4 - (-39 - -41)
-32
-62 + 67 - (24 - 25 - (-3 + 3 - -49))
55
What is (-16 + (7 - -8) - 10) + 50 + -3 + 2?
38
Calculate 3 + (-7 - (-12 - 3 - -5)).
6
What is 113 - (27 - -41) - 78?
-33
6 - 1 - (25 - -6 - (-165 - -134))
-57
Evaluate -6 - (-38 + 14 - (14 + -7 + -21 - -8)).
12
Evaluate (-37 - -31 - -35) + (2 - 18).
13
What is the value of 89 + -98 + 16 + (-6 - (1 - 0))?
0
What is the value of 0 + -13 - 10 - ((-2 - -8) + -4)?
-25
What is the value of 1 - -1 - (818 + -810)?
-6
What is the value of -72 - ((-73 - -36) + -17)?
-18
What is -16088 + 16024 - (1 - -57)?
-122
What is (12 - (20 - 0) - (-7 + 24)) + -5?
-30
What is -108 + 140 - ((7 - 0) + -2 + 3)?
24
What is 10 + 61 + -135 - 27?
-91
Calculate -2 - (0 + 46) - (2 + (-5 - (15 - 7))).
-37
What is the value of -37 + 4 - (10 - 51 - -31)?
-23
(-96 - (-1 + 3 - 1)) + (6521 - 6529)
-105
What is the value of 5 + -1 - (35 + (-101 - -49))?
21
What is the value of (-90 - -92) + 1 - 8?
-5
What is the value of 10 + -57 + 55 - (27 + 2 + 1)?
-22
What is 23 - (-1 - (-27 + 20 - (-15 - -2)))?
30
Calculate (1 - (2 + -38)) + 90 + 5 + -80.
52
What is the value of (-13 + -2 - -20 - -23) + 23?
51
Evaluate -1 + (1 - -1) - (-1260 + 1237).
24
What is the value of (-2 - (0 - -43)) + (-4 - (-33 - -15 - -19))?
-50
Calculate -13 + (-2 - -2) + (2483 - 2474).
-4
What is -54 - (-79 + 73 + 13)?
-61
What is -5 + -6 + -2 + 12 + (11 - -13)?
23
Calculate (0 - -1) + -92 + (12 - 3) + -20.
-102
Evaluate -134 - (62 - 164 - 31).
-1
(0 - -93) + (-4503 - -4494)
84
-10 - -6 - -9 - 42 - (45 - 38)
-44
(0 - -8) + 1 - (32 - (-86 - -88))
-21
Calculate -64 + (3 - (87 + -64)).
-84
Calculate 7 - (537 - 546 - (-1 - -27)).
42
What is -20 + 2 + (-14 + 17 - 5) + 2?
-18
166 + 17 + (-49 - 71)
63
What is (-3 - -5) + 8 + (3 - -4) + 13?
30
-2 + 16 + (7 - 57) - -21
-15
Evaluate -28 + (87 - (-114 - -95)).
78
Calculate (-5 - (-1 + -14 + 7)) + (-2 + 2 - -10).
13
What is -27 - (-34 - (-8 - 20)) - 5?
-26
Calculate -11 + (9 - -19 - (30 + -15 + -8)).
10
What is the value of 23 + -48 + 110 - 6 - -20?
99
(25 - (-74 + 55)) + -56
-12
What is the value of 5 + -6 - (-1 - 8) - (-3291 - -3301)?
-2
Evaluate 5 - (-3 + -5 + 2) - ((-29 - -11) + -20).
49
Evaluate -23 + (19 - 14) - -29 - 40.
-29
What is the value of -5 - (-95 + 14 - -5)?
71
What is the value of (-55 - -6) + 339 + -290?
0
What is the value of 13 + 61 + 5 + -100?
-21
What is the value of (9 - 1) + 4 + -11 + 7 + -2?
6
-746 - -818 - (-2 - (2 + 21) - -4)
93
Calculate -85 + 10 + (-5 + -6 + 3 - 8) + 11.
-80
Calculate (-77 - -32) + (-19 - -52).
-12
What is -4 + 35 + -2 - (31 + -24 - 8)?
30
What is the value of -13 - 12 - (5 - 0 - (-11 - -22))?
-19
Evaluate -5 - 0 - ((27 - 0 - (197 - 185)) + 16).
-36
Evaluate (57 - -1) + -343 + 322.
37
79 + -127 + 44 - (-1 + 0 + -61)
58
Evaluate -15 + 2 + (5 - (2 - 0)) - (-321 + 249).
62
Calculate 6 + -17 + (12 - (2 + -2 + 1)).
0
-520 + 499 - (-74 + -1)
54
What is (-161 - -40 - (-21 - 8)) + (17 - 2)?
-77
Evaluate -72 + -1 - ((37 - 62) + (-7 - (-1 - 15))).
-57
What is 1 + 8 - (68 - 64) - -51?
56
Calculate -43 + 52 - (39 + (-7 - (5 + -12))).
-30
What is the value of -59 + (-28 - -64) + 16?
-7
What is the value of -24 - (20 - (-84 + 82 + 11 + 3))?
-32
-2950 - -3013 - (2 + 118)
-57
2 + -2 + ((-6 - -10) + -9 - 7 - -5)
-7
Evaluate 1 - (8 - (1 - 2 - 1) - (-150 - -175)).
16
What is the value of (7 - (9 - 2) - -6) + (2 - 2) + 0?
6
What is -64 - (-36 - (-75 - -118))?
15
What is -1 + 4 - ((62 - 17) + -92)?
50
What is (-70 - (36 - 86)) + 17?
-3
What is the value of -62 + (37 - 27 - 10) + -26?
-88
What is the value of -700 + 749 + (0 - (6 - 23))?
66
26 - (13 - (89 + -52))
50
What is the value of -23 + 5 + 3 + 88 + -88?
-15
Calculate (-5 - -11) + -85 + 2223 + -2206.
-62
(-7 + 17 - ((-4 - -2 - -7) + -4)) + 3
12
What is 20 - (26 - 18) - ((-1 - -3) + 52)?
-42
What is the value of 3 + -3 + 51 + (0 - -14) + (-18 - 5)?
42
Evaluate 133 - (-23 - (-55 - -44)) - 49.
96
Evaluate -10 + 14 - ((78 - 3) + 3 + -1).
-73
Evaluate 0 + 58 + 3611 + -3637.
32
-2 - ((34 - 26 - -8) + 35)
-53
Evaluate -20 + -18 + 14 + 11.
-13
-7 + 81 + -81 + -65
-72
What is the value of 2 - (-22 + (9 - -39 - 24))?
0
Evaluate (-41 - 11) + -307 + 402.
43
What is the value of 16 - -1 - (-3733 - -3724)?
26
What is the value of -76 + 43 - -24 - 47?
-56
Calculate (11 - (8 + 0 + 2)) + (-47 - -19).
-27
Evaluate -43 + (-12 - (-2 + -27)) + 39.
13
Evaluate (-163 - -164) + (4 - 28) + -3 + -1.
-27
What is (-3 - -1) + -8 - ((-5 - 1) + (204 - 222))?
14
Calculate (26 - -10) + (-145 - -123).
14
What is 16 - 22 - 11 - -7 - 16?
-26
What is -69 - ((-21 - -78) + -105)?
-21
What is the value of -38 + (-34 - -4) + 107?
39
Evaluate -5 - (-7 + 9 + (-1 - 0) + -15).
9
Calculate -77 - (-130 - (